{"id":48436,"date":"2020-09-07T14:25:56","date_gmt":"2020-09-07T12:25:56","guid":{"rendered":"https:\/\/www.dikgelukkig.be\/blog\/?page_id=48436"},"modified":"2022-03-18T12:00:27","modified_gmt":"2022-03-18T11:00:27","slug":"samenvatting","status":"publish","type":"page","link":"https:\/\/www.dikgelukkig.be\/blog\/aanbod\/basiscursus\/samenvatting\/","title":{"rendered":"Basiscursus: samenvatting"},"content":{"rendered":"<p>[et_pb_section fb_built=&#8221;1&#8243; admin_label=&#8221;Course Hero&#8221; _builder_version=&#8221;4.14.9&#8243; background_color=&#8221;#ccf2f2&#8243; background_color_gradient_start=&#8221;#33cccc&#8221; background_color_gradient_end=&#8221;#EFE5D5&#8243; background_enable_image=&#8221;off&#8221; background_blend=&#8221;overlay&#8221; custom_padding=&#8221;52px|0px|75px|0px||&#8221; animation_direction=&#8221;top&#8221; locked=&#8221;off&#8221; global_colors_info=&#8221;{}&#8221; theme_builder_area=&#8221;post_content&#8221;][et_pb_row column_structure=&#8221;1_2,1_2&#8243; _builder_version=&#8221;3.25&#8243; custom_margin=&#8221;|||&#8221; custom_width_px=&#8221;1280px&#8221; global_colors_info=&#8221;{}&#8221; theme_builder_area=&#8221;post_content&#8221;][et_pb_column type=&#8221;1_2&#8243; _builder_version=&#8221;3.25&#8243; custom_padding=&#8221;|||&#8221; global_colors_info=&#8221;{}&#8221; custom_padding__hover=&#8221;|||&#8221; theme_builder_area=&#8221;post_content&#8221;][et_pb_text _builder_version=&#8221;4.14.9&#8243; header_font=&#8221;Quicksand||||||||&#8221; header_text_color=&#8221;#393939&#8243; header_font_size=&#8221;38px&#8221; header_line_height=&#8221;1.2em&#8221; background_layout=&#8221;dark&#8221; custom_padding=&#8221;|||&#8221; header_font_size_tablet=&#8221;&#8221; header_font_size_phone=&#8221;&#8221; header_font_size_last_edited=&#8221;on|desktop&#8221; locked=&#8221;off&#8221; global_colors_info=&#8221;{}&#8221; theme_builder_area=&#8221;post_content&#8221;]<\/p>\n<h1>Dik Gelukkig worden:<\/h1>\n<h1>de basiscursus<\/h1>\n<p>[\/et_pb_text][et_pb_text _builder_version=&#8221;4.14.9&#8243; text_text_color=&#8221;#d4ccff&#8221; text_font_size=&#8221;16px&#8221; text_line_height=&#8221;1.9em&#8221; header_2_font=&#8221;|600|||||||&#8221; header_2_text_color=&#8221;#cc33cc&#8221; header_2_font_size=&#8221;36px&#8221; header_2_line_height=&#8221;1.3em&#8221; hover_enabled=&#8221;0&#8243; locked=&#8221;off&#8221; global_colors_info=&#8221;{}&#8221; theme_builder_area=&#8221;post_content&#8221; sticky_enabled=&#8221;0&#8243;]<\/p>\n<h2>Samenvatting<\/h2>\n<p>[\/et_pb_text][\/et_pb_column][et_pb_column type=&#8221;1_2&#8243; _builder_version=&#8221;3.25&#8243; custom_padding=&#8221;|||&#8221; global_colors_info=&#8221;{}&#8221; custom_padding__hover=&#8221;|||&#8221; theme_builder_area=&#8221;post_content&#8221;][et_pb_image src=&#8221;https:\/\/www.dikgelukkig.be\/blog\/wp-content\/uploads\/2020\/09\/basiscursus-cirkel.png&#8221; title_text=&#8221;basiscursus-cirkel&#8221; _builder_version=&#8221;4.14.9&#8243; _module_preset=&#8221;default&#8221; width=&#8221;50%&#8221; module_alignment=&#8221;right&#8221; module_alignment_tablet=&#8221;&#8221; module_alignment_phone=&#8221;center&#8221; module_alignment_last_edited=&#8221;on|phone&#8221; global_colors_info=&#8221;{}&#8221; theme_builder_area=&#8221;post_content&#8221;][\/et_pb_image][\/et_pb_column][\/et_pb_row][\/et_pb_section][et_pb_section fb_built=&#8221;1&#8243; specialty=&#8221;on&#8221; padding_top_2=&#8221;0px&#8221; admin_label=&#8221;Course Chapters&#8221; _builder_version=&#8221;3.22&#8243; custom_margin=&#8221;|||&#8221; custom_padding=&#8221;0px||165px|||&#8221; global_colors_info=&#8221;{}&#8221;][et_pb_column type=&#8221;2_3&#8243; specialty_columns=&#8221;2&#8243; _builder_version=&#8221;3.25&#8243; custom_padding=&#8221;|||&#8221; global_colors_info=&#8221;{}&#8221; custom_padding__hover=&#8221;|||&#8221;][et_pb_row_inner use_custom_gutter=&#8221;on&#8221; gutter_width=&#8221;4&#8243; _builder_version=&#8221;4.14.9&#8243; custom_margin=&#8221;||||false|false&#8221; custom_padding=&#8221;0px|||&#8221; global_colors_info=&#8221;{}&#8221; locked=&#8221;off&#8221;][et_pb_column_inner saved_specialty_column_type=&#8221;2_3&#8243; _builder_version=&#8221;3.25&#8243; custom_padding=&#8221;|||&#8221; global_colors_info=&#8221;{}&#8221; custom_padding__hover=&#8221;|||&#8221;][et_pb_text _builder_version=&#8221;4.14.9&#8243; _module_preset=&#8221;default&#8221; text_font_size=&#8221;16px&#8221; text_line_height=&#8221;1.8em&#8221; custom_padding=&#8221;50px||||false|false&#8221; hover_enabled=&#8221;0&#8243; global_colors_info=&#8221;{}&#8221; sticky_enabled=&#8221;0&#8243;]<\/p>\n<p>Om <strong>Dik Gelukkig<\/strong> te worden moet je stoppen met di\u00ebten. En dat is niet gemakkelijk, want er zijn zoveel dingen waar je doorheen moet, dat je dat niet allemaal in \u00e9\u00e9n keer kan doen.<\/p>\n<p>[\/et_pb_text][et_pb_text _builder_version=&#8221;4.14.9&#8243; _module_preset=&#8221;default&#8221; text_font_size=&#8221;16px&#8221; text_line_height=&#8221;1.8em&#8221; custom_padding=&#8221;||||false|false&#8221; hover_enabled=&#8221;0&#8243; global_colors_info=&#8221;{}&#8221; sticky_enabled=&#8221;0&#8243;]<\/p>\n<p>Er bestaat om te beginnen zoiets als een <strong>dieetcultuur<\/strong>, waarin eten en gewicht een belangrijke rol spelen, waarin slank zijn het ultieme doel is en di\u00ebten normaal gevonden wordt. Dat wordt nog eens bevestigd door het schoonheidsideaal dat we telkens terugzien in de media en daarom denken we dat dik en gelukkig niet samen kunnen gaan.<\/p>\n<p>[\/et_pb_text][et_pb_text _builder_version=&#8221;4.14.9&#8243; _module_preset=&#8221;default&#8221; text_font_size=&#8221;16px&#8221; text_line_height=&#8221;1.8em&#8221; custom_padding=&#8221;||||false|false&#8221; hover_enabled=&#8221;0&#8243; global_colors_info=&#8221;{}&#8221; sticky_enabled=&#8221;0&#8243;]<\/p>\n<p>Jammer genoeg heeft die dieetcultuur heel wat negatieve gevolgen voor dikke mensen. Het houdt namelijk heel wat vooroordelen in stand, waardoor we in onze maatschappij gestigmatiseerd en <strong>gediscrimineerd<\/strong> worden. De maatschappij vindt dat dikke mensen dan maar moeten afvallen, terwijl de oplossing is dat de maatschappij moet stoppen met discrimineren.<\/p>\n<p>[\/et_pb_text][et_pb_text _builder_version=&#8221;4.14.9&#8243; _module_preset=&#8221;default&#8221; text_font_size=&#8221;16px&#8221; text_line_height=&#8221;1.8em&#8221; custom_padding=&#8221;||||false|false&#8221; hover_enabled=&#8221;0&#8243; global_colors_info=&#8221;{}&#8221; sticky_enabled=&#8221;0&#8243;]<\/p>\n<p>Want <strong>di\u00ebten werkt niet<\/strong> op lange termijn voor meer dan 95% van de mensen die eraan beginnen. Dat komt omdat jouw lichaam denkt dat er een hongersnood is wanneer je op dieet bent en er alles aan gaat doen om jou te beschermen. Dat heeft dus niets te maken met doorzettingsvermogen, maar alles met biologie.<\/p>\n<p>[\/et_pb_text][et_pb_text _builder_version=&#8221;4.14.9&#8243; _module_preset=&#8221;default&#8221; text_font_size=&#8221;16px&#8221; text_line_height=&#8221;1.8em&#8221; custom_padding=&#8221;||||false|false&#8221; hover_enabled=&#8221;0&#8243; global_colors_info=&#8221;{}&#8221; sticky_enabled=&#8221;0&#8243;]<\/p>\n<p>En toch vind je het waarschijnlijk moeilijk om te stoppen met di\u00ebten, omdat je denkt dat je moet afvallen voor je <strong>gezondheid<\/strong>. Alleen is jojo\u00ebn ook schadelijk voor je gezondheid. En daarnaast dragen gezonde gewoontes meer bij aan je algemene gezondheid dan enkel je gewicht. Bovendien is gezondheid meer dan alleen het fysieke aspect \u2013 ook je emotionele en mentale gezondheid maken deel uit van je welzijn.<\/p>\n<p>[\/et_pb_text][et_pb_text _builder_version=&#8221;4.14.9&#8243; _module_preset=&#8221;default&#8221; text_font_size=&#8221;16px&#8221; text_line_height=&#8221;1.8em&#8221; custom_padding=&#8221;||||false|false&#8221; hover_enabled=&#8221;0&#8243; global_colors_info=&#8221;{}&#8221; sticky_enabled=&#8221;0&#8243;]<\/p>\n<p>Daarom is de eerste stap om Dik Gelukkig te worden dan ook dat je leert dat jouw <strong>lichaam<\/strong> ok is zoals het nu is. Dat betekent dat je het beeld van je droomlichaam moet opgeven en een nieuwe realiteit kan cre\u00ebren waarin jij onvoorwaardelijk jezelf mag zijn, zonder schaamte en zonder verontschuldiging.<\/p>\n<p>[\/et_pb_text][et_pb_text _builder_version=&#8221;4.14.9&#8243; _module_preset=&#8221;default&#8221; text_font_size=&#8221;16px&#8221; text_line_height=&#8221;1.8em&#8221; custom_padding=&#8221;||||false|false&#8221; hover_enabled=&#8221;0&#8243; global_colors_info=&#8221;{}&#8221; sticky_enabled=&#8221;0&#8243;]<\/p>\n<p>En bij die nieuwe relatie met je lichaam, kan het ook zijn dat je de relatie met sporten of <strong>bewegen<\/strong> moet herstellen. Want die kan helemaal verbroken zijn als het iets was wat je moest doen om af te vallen. Geef jezelf de tijd om dat te verwerken en wanneer je er klaar voor bent, kan je opnieuw leren om te bewegen voor je plezier.<\/p>\n<p>[\/et_pb_text][et_pb_text _builder_version=&#8221;4.14.9&#8243; _module_preset=&#8221;default&#8221; text_font_size=&#8221;16px&#8221; text_line_height=&#8221;1.8em&#8221; custom_padding=&#8221;||||false|false&#8221; hover_enabled=&#8221;0&#8243; global_colors_info=&#8221;{}&#8221; sticky_enabled=&#8221;0&#8243;]<\/p>\n<p>Stoppen met di\u00ebten betekent natuurlijk ook letterlijk dat je <strong>stopt met di\u00ebten<\/strong>. Daarvoor moet je leren om je dieetmentaliteit los te laten en jezelf en je lichaam weer te vertrouwen rond eten. Jezelf toestemming geven om te eten en weer leren genieten van eten, zorgt er op termijn voor dat je weer een gebalanceerde relatie met eten krijgt.<\/p>\n<p>[\/et_pb_text][et_pb_text _builder_version=&#8221;4.14.9&#8243; _module_preset=&#8221;default&#8221; text_font_size=&#8221;16px&#8221; text_line_height=&#8221;1.8em&#8221; custom_padding=&#8221;||||false|false&#8221; hover_enabled=&#8221;0&#8243; global_colors_info=&#8221;{}&#8221; sticky_enabled=&#8221;0&#8243;]<\/p>\n<p>Je bent al een heel eind op weg als je je relatie met eten, bewegen en je lichaam hebt hersteld. Maar als je Dik Gelukkig wilt worden, moet je ook rekening houden met de <strong>buitenwereld<\/strong>, want die is niet altijd toegankelijk voor dikke mensen. Dat zorgt dikwijls voor heel veel twijfels. Op die momenten is het belangrijk om te onthouden dat jouw lichaam niet het probleem is en dat er ook andere manieren zijn dan afvallen om comfortabel(er) door de maatschappij te bewegen.<\/p>\n<p>[\/et_pb_text][et_pb_text _builder_version=&#8221;4.14.9&#8243; _module_preset=&#8221;default&#8221; text_font_size=&#8221;16px&#8221; text_line_height=&#8221;1.8em&#8221; custom_padding=&#8221;||||false|false&#8221; hover_enabled=&#8221;0&#8243; global_colors_info=&#8221;{}&#8221; sticky_enabled=&#8221;0&#8243;]<\/p>\n<p>Een specifiek aspect van die maatschappelijke ontoegankelijkheid is de <strong>medische wereld<\/strong>. Dikke pati\u00ebnten krijgen niet altijd de juiste zorg, enkel en alleen vanwege hun gewicht. Dit soort gewichtsdiscriminatie kan heel wat schadelijke gevolgen hebben en net in de weg staan van jouw gezondheid en welzijn. Dat hoef je niet te pikken, want ook jij hebt recht op de zorg die jij nodig hebt.<\/p>\n<p>[\/et_pb_text][et_pb_text _builder_version=&#8221;4.14.9&#8243; _module_preset=&#8221;default&#8221; text_font_size=&#8221;16px&#8221; text_line_height=&#8221;1.8em&#8221; custom_padding=&#8221;||||false|false&#8221; hover_enabled=&#8221;0&#8243; global_colors_info=&#8221;{}&#8221; sticky_enabled=&#8221;0&#8243;]<\/p>\n<p>Met al deze dingen om te verwerken is het logisch dat je af en toe gaat <strong>twijfelen<\/strong> of stoppen met di\u00ebten wel de juiste keuze is. Op die momenten zijn zelfzorg en zelfcompassie heel belangrijk. Het is niet jouw fout dat je in deze dieetcultuur geboren bent, dus wees mild voor jezelf en geef jezelf wat je nodig hebt op fysiek, mentaal, emotioneel en eventueel ook op spiritueel vlak. Daarnaast kan ook een community je helpen op je weg om Dik Gelukkig te worden.<\/p>\n<p>[\/et_pb_text][et_pb_text _builder_version=&#8221;4.14.9&#8243; _module_preset=&#8221;default&#8221; text_font_size=&#8221;16px&#8221; text_line_height=&#8221;1.8em&#8221; custom_padding=&#8221;||||false|false&#8221; hover_enabled=&#8221;0&#8243; global_colors_info=&#8221;{}&#8221; sticky_enabled=&#8221;0&#8243;]<\/p>\n<p><strong>Stoppen met di\u00ebten is dus niet gemakkelijk, want er zijn heel veel dingen waar je doorheen moet om dat te bereiken. Maar op het einde van de weg gaat het je zoveel meer geven dan een dieet ooit kan doen!<\/strong><\/p>\n<p>[\/et_pb_text][\/et_pb_column_inner][\/et_pb_row_inner][\/et_pb_column][et_pb_column type=&#8221;1_3&#8243; _builder_version=&#8221;3.25&#8243; custom_padding=&#8221;|||&#8221; global_colors_info=&#8221;{}&#8221; custom_padding__hover=&#8221;|||&#8221;][et_pb_text _builder_version=&#8221;4.14.9&#8243; _module_preset=&#8221;default&#8221; text_text_color=&#8221;#33cccc&#8221; text_font_size=&#8221;16px&#8221; header_3_font=&#8221;Quicksand||||||||&#8221; header_3_text_color=&#8221;#000000&#8243; header_3_font_size=&#8221;24px&#8221; header_3_letter_spacing=&#8221;1px&#8221; header_3_line_height=&#8221;1.3em&#8221; custom_margin=&#8221;20px||||false|false&#8221; custom_padding=&#8221;40px|40px|40px|40px|false|false&#8221; hover_enabled=&#8221;0&#8243; box_shadow_style=&#8221;preset1&#8243; box_shadow_vertical=&#8221;0px&#8221; box_shadow_blur=&#8221;6px&#8221; global_colors_info=&#8221;{}&#8221; sticky_enabled=&#8221;0&#8243;]<\/p>\n<h3 style=\"text-align: center;\">Overzicht<\/h3>\n<p style=\"text-align: center;\"><strong><\/strong><\/p>\n<p style=\"text-align: center;\"><span style=\"text-decoration: underline;\"><a href=\"https:\/\/www.dikgelukkig.be\/blog\/aanbod\/basiscursus\/introductie\/\">Intro<\/a><\/span><\/p>\n<p style=\"text-align: center;\"><span style=\"text-decoration: underline;\"><a href=\"https:\/\/www.dikgelukkig.be\/blog\/aanbod\/basiscursus\/les-1-cultuur\/\">Les 1: dieetcultuur<\/a><\/span><\/p>\n<p style=\"text-align: center;\"><span style=\"text-decoration: underline;\"><a href=\"https:\/\/www.dikgelukkig.be\/blog\/aanbod\/basiscursus\/les-2-gevolgen\/\">Les 2: discriminatie<\/a><\/span><\/p>\n<p style=\"text-align: center;\"><span style=\"text-decoration: underline;\"><a href=\"https:\/\/www.dikgelukkig.be\/blog\/aanbod\/basiscursus\/les-3-dieten\/\">Les 3: di\u00ebten werkt niet<\/a><\/span><\/p>\n<p style=\"text-align: center;\"><span style=\"text-decoration: underline;\"><a href=\"https:\/\/www.dikgelukkig.be\/blog\/aanbod\/basiscursus\/les-4-gezond\/\">Les 4: gezondheid<\/a><\/span><\/p>\n<p style=\"text-align: center;\"><span style=\"text-decoration: underline;\"><a href=\"https:\/\/www.dikgelukkig.be\/blog\/aanbod\/basiscursus\/les-5-lichaam\/\">Les 5: lichaamsbeeld<\/a><\/span><\/p>\n<p style=\"text-align: center;\"><span style=\"text-decoration: underline;\"><a href=\"https:\/\/www.dikgelukkig.be\/blog\/aanbod\/basiscursus\/les-6-beweging\/\">Les 6: bewegen<\/a><\/span><\/p>\n<p style=\"text-align: center;\"><span style=\"text-decoration: underline;\"><a href=\"https:\/\/www.dikgelukkig.be\/blog\/aanbod\/basiscursus\/les-7-eten\/\">Les 7: intu\u00eftief eten<\/a><\/span><\/p>\n<p style=\"text-align: center;\"><span style=\"text-decoration: underline;\"><a href=\"https:\/\/www.dikgelukkig.be\/blog\/aanbod\/basiscursus\/les-8-buitenwereld\/\">Les 8: de buitenwereld<\/a><\/span><\/p>\n<p style=\"text-align: center;\"><span style=\"text-decoration: underline;\"><a href=\"https:\/\/www.dikgelukkig.be\/blog\/aanbod\/basiscursus\/les-9-medisch\/\">Les 9: medische zorg<\/a><\/span><\/p>\n<p style=\"text-align: center;\"><span style=\"text-decoration: underline;\"><a href=\"https:\/\/www.dikgelukkig.be\/blog\/aanbod\/basiscursus\/les-10-twijfel\/\">Les 10: twijfels<\/a><\/span><\/p>\n<p style=\"text-align: center;\"><strong><a href=\"https:\/\/www.dikgelukkig.be\/blog\/aanbod\/basiscursus\/samenvatting\/\">Samenvatting<\/a><\/strong><\/p>\n<p>[\/et_pb_text][\/et_pb_column][\/et_pb_section][et_pb_section fb_built=&#8221;1&#8243; admin_label=&#8221;Footer&#8221; _builder_version=&#8221;4.5.6&#8243; background_color=&#8221;#f7f8fc&#8221; custom_padding=&#8221;0px|0px|102px|0px||&#8221; animation_direction=&#8221;bottom&#8221; saved_tabs=&#8221;all&#8221; global_colors_info=&#8221;{}&#8221;][et_pb_row column_structure=&#8221;1_2,1_2&#8243; _builder_version=&#8221;4.5.6&#8243; background_size=&#8221;initial&#8221; background_position=&#8221;top_left&#8221; background_repeat=&#8221;repeat&#8221; custom_padding=&#8221;0px|0px|100px|0px&#8221; global_colors_info=&#8221;{}&#8221;][et_pb_column type=&#8221;1_2&#8243; _builder_version=&#8221;3.25&#8243; custom_padding=&#8221;|||&#8221; global_colors_info=&#8221;{}&#8221; custom_padding__hover=&#8221;|||&#8221;][et_pb_audio audio=&#8221;https:\/\/www.dikgelukkig.be\/blog\/wp-content\/uploads\/2020\/09\/Basiscursus-Samenvatting.m4a&#8221; title=&#8221;Samenvatting&#8221; album_name=&#8221;Dik Gelukkig worden: de basiscursus&#8221; _builder_version=&#8221;4.5.6&#8243; _module_preset=&#8221;default&#8221; title_line_height=&#8221;1.8em&#8221; caption_font_size=&#8221;16px&#8221; caption_line_height=&#8221;1.8em&#8221; background_color=&#8221;#6c6c6c&#8221; custom_margin=&#8221;-80px||||false|false&#8221; global_colors_info=&#8221;{}&#8221;][\/et_pb_audio][\/et_pb_column][et_pb_column type=&#8221;1_2&#8243; _builder_version=&#8221;3.25&#8243; custom_padding=&#8221;|||&#8221; global_colors_info=&#8221;{}&#8221; custom_padding__hover=&#8221;|||&#8221;][et_pb_blurb title=&#8221;Samenvatting&#8221; url=&#8221;https:\/\/www.dikgelukkig.be\/blog\/wp-content\/uploads\/2020\/09\/Basiscursus_Samenvatting.pdf&#8221; use_icon=&#8221;on&#8221; font_icon=&#8221;&#x69;||divi||400&#8243; icon_color=&#8221;#ffffff&#8221; icon_placement=&#8221;left&#8221; image_icon_width=&#8221;100px&#8221; content_max_width=&#8221;1100px&#8221; _builder_version=&#8221;4.14.9&#8243; header_font=&#8221;||||||||&#8221; header_text_align=&#8221;center&#8221; header_text_color=&#8221;#ffffff&#8221; header_font_size=&#8221;26px&#8221; header_line_height=&#8221;1.8em&#8221; body_text_align=&#8221;center&#8221; body_text_color=&#8221;#ffffff&#8221; body_font_size=&#8221;16px&#8221; body_line_height=&#8221;1.5em&#8221; background_color=&#8221;#6c6c6c&#8221; custom_margin=&#8221;-80px|||&#8221; custom_margin_tablet=&#8221;0px|||&#8221; custom_margin_phone=&#8221;&#8221; custom_margin_last_edited=&#8221;on|phone&#8221; custom_padding=&#8221;30px|40px|30px|40px|false|false&#8221; animation_direction=&#8221;bottom&#8221; hover_enabled=&#8221;0&#8243; header_line_height_tablet=&#8221;&#8221; header_line_height_phone=&#8221;1.5em&#8221; header_line_height_last_edited=&#8221;on|phone&#8221; box_shadow_style=&#8221;preset2&#8243; box_shadow_horizontal=&#8221;0px&#8221; box_shadow_vertical=&#8221;0px&#8221; box_shadow_blur=&#8221;60px&#8221; box_shadow_color=&#8221;rgba(71,74,182,0.12)&#8221; icon_font_size=&#8221;100px&#8221; locked=&#8221;off&#8221; global_colors_info=&#8221;{}&#8221; animation=&#8221;off&#8221; sticky_enabled=&#8221;0&#8243;]<\/p>\n<p>Dik Gelukkig worden: de basiscursus<\/p>\n<p><span style=\"color: #ffffff;\"><a href=\"https:\/\/www.dikgelukkig.be\/blog\/wp-content\/uploads\/2020\/09\/Basiscursus_Samenvatting.pdf\" style=\"color: #ffffff;\"><span style=\"text-decoration: underline;\">Pdf downloaden<\/span><\/a><\/span><\/p>\n<p><span style=\"text-decoration: underline;\"><\/span><\/p>\n<p>[\/et_pb_blurb][\/et_pb_column][\/et_pb_row][\/et_pb_section]<\/p>\n","protected":false},"excerpt":{"rendered":"<p>Dik Gelukkig worden: de basiscursusSamenvattingOm Dik Gelukkig te worden moet je stoppen met di\u00ebten. En dat is niet gemakkelijk, want er zijn zoveel dingen waar je doorheen moet, dat je dat niet allemaal in \u00e9\u00e9n keer kan doen.Er bestaat om te beginnen zoiets als een dieetcultuur, waarin eten en gewicht een belangrijke rol spelen, waarin [&hellip;]<\/p>\n","protected":false},"author":1,"featured_media":48124,"parent":48119,"menu_order":11,"comment_status":"closed","ping_status":"closed","template":"","meta":{"_et_pb_use_builder":"on","_et_pb_old_content":"","_et_gb_content_width":"","footnotes":""},"class_list":["post-48436","page","type-page","status-publish","has-post-thumbnail","hentry"],"_links":{"self":[{"href":"https:\/\/www.dikgelukkig.be\/blog\/wp-json\/wp\/v2\/pages\/48436","targetHints":{"allow":["GET"]}}],"collection":[{"href":"https:\/\/www.dikgelukkig.be\/blog\/wp-json\/wp\/v2\/pages"}],"about":[{"href":"https:\/\/www.dikgelukkig.be\/blog\/wp-json\/wp\/v2\/types\/page"}],"author":[{"embeddable":true,"href":"https:\/\/www.dikgelukkig.be\/blog\/wp-json\/wp\/v2\/users\/1"}],"replies":[{"embeddable":true,"href":"https:\/\/www.dikgelukkig.be\/blog\/wp-json\/wp\/v2\/comments?post=48436"}],"version-history":[{"count":12,"href":"https:\/\/www.dikgelukkig.be\/blog\/wp-json\/wp\/v2\/pages\/48436\/revisions"}],"predecessor-version":[{"id":50942,"href":"https:\/\/www.dikgelukkig.be\/blog\/wp-json\/wp\/v2\/pages\/48436\/revisions\/50942"}],"up":[{"embeddable":true,"href":"https:\/\/www.dikgelukkig.be\/blog\/wp-json\/wp\/v2\/pages\/48119"}],"wp:featuredmedia":[{"embeddable":true,"href":"https:\/\/www.dikgelukkig.be\/blog\/wp-json\/wp\/v2\/media\/48124"}],"wp:attachment":[{"href":"https:\/\/www.dikgelukkig.be\/blog\/wp-json\/wp\/v2\/media?parent=48436"}],"curies":[{"name":"wp","href":"https:\/\/api.w.org\/{rel}","templated":true}]}}